{"id":1398,"date":"2022-04-01T16:33:30","date_gmt":"2022-04-01T16:33:30","guid":{"rendered":"https:\/\/rrdevs.net\/demos\/wp\/busico\/?page_id=1398"},"modified":"2024-01-24T15:16:32","modified_gmt":"2024-01-24T15:16:32","slug":"home-02","status":"publish","type":"page","link":"https:\/\/adn-innenausbau.net\/","title":{"rendered":"Home"},"content":{"rendered":"\t\t<div data-elementor-type=\"wp-page\" data-elementor-id=\"1398\" class=\"elementor elementor-1398\">\n\t\t\t\t\t\t<section class=\"elementor-section elementor-top-section elementor-element elementor-element-bdb9e1b elementor-section-full_width elementor-section-height-default elementor-section-height-default rrdevs-custom-animation-no RRdevs-addons-sticky-no\" data-id=\"bdb9e1b\" data-element_type=\"section\" data-settings=\"{&quot;animation_on&quot;:&quot;no&quot;,&quot;rrdevs_sticky&quot;:&quot;no&quot;}\">\n\t\t\t\t\t\t<div class=\"elementor-container elementor-column-gap-no\">\n\t\t\t\t\t<div class=\"elementor-column elementor-col-100 elementor-top-column elementor-element elementor-element-a625112\" data-id=\"a625112\" data-element_type=\"column\">\n\t\t\t<div class=\"elementor-widget-wrap elementor-element-populated\">\n\t\t\t\t\t\t<div class=\"elementor-element elementor-element-d9e418c RRdevs-addons-sticky-no elementor-widget elementor-widget-busico-hero-two\" data-id=\"d9e418c\" data-element_type=\"widget\" data-settings=\"{&quot;rrdevs_sticky&quot;:&quot;no&quot;}\" data-widget_type=\"busico-hero-two.default\">\n\t\t\t\t<div class=\"elementor-widget-container\">\n\t\t\t            <section class=\"hero-wrapper hero-2\">\r\n\t\t\t\t<div class=\"hero-slider-2 owl-carousel owl-theme\" data-settings=\"{&quot;loop&quot;:true,&quot;autoplay&quot;:false,&quot;nav&quot;:true,&quot;mousedrag&quot;:true,&quot;autoplaytimeout&quot;:&quot;5000&quot;}\">\r\n                                                <div class=\"single-slide bg-cover\" style=\"background-image: url(http:\/\/adn-innenausbau.net\/wp-content\/uploads\/2024\/01\/Untitled-design-3.png)\">\r\n                                <div class=\"container\">\r\n                                    <div class=\"row\">\r\n                                        <div class=\"col-12 pe-lg-5 col-xxl-7 col-lg-9\">\r\n                                            <div class=\"hero-contents pe-lg-3\">\r\n                                                                                                    <h1 class=\"wow fadeInLeft \">\r\n                                                        Innenausbau, Sanierung und Renovierung aus einer Hand                                                    <\/h1>\r\n                                                                                                \r\n                                                                                                    <p class=\"pe-lg-5 \" >\r\n                                                        <p>Ob Sie Ihr Zuhause versch\u00f6nern m\u00f6chten oder einen gewerblichen Raum renovieren m\u00f6chten, bei uns sind Sie genau richtig.<\/p>\n                                                    <\/p>\r\n                                                                                                \r\n                                                                                                    <a href=\"https:\/\/adn-innenausbau.net\/index.php\/contact\/\"   class=\"theme-btn btn-one me-sm-4\" >\r\n                                                        Anmeldung                                                    <\/a>\r\n                                                                                                \r\n                                                                                            <\/div>\r\n                                        <\/div>\r\n                                    <\/div>\r\n                                <\/div>\r\n                            <\/div>\r\n                                                 <div class=\"single-slide bg-cover\" style=\"background-image: url(https:\/\/rrdevs.net\/demos\/wp\/busico\/wp-content\/uploads\/2022\/04\/hero2.jpg)\">\r\n                                <div class=\"container\">\r\n                                    <div class=\"row\">\r\n                                        <div class=\"col-12 pe-lg-5 col-xxl-7 col-lg-9\">\r\n                                            <div class=\"hero-contents pe-lg-3\">\r\n                                                                                                    <h1 class=\"wow fadeInLeft \">\r\n                                                        we make Dream home                                                    <\/h1>\r\n                                                                                                \r\n                                                                                                    <p class=\"pe-lg-5 \" >\r\n                                                        <p>Busico is a construction and architecture environmentally most responsible for any kinds of themes.<\/p>\n                                                    <\/p>\r\n                                                                                                \r\n                                                                                                    <a href=\"https:\/\/rrdevs.net\/demos\/wp\/busico\/contact\/\"   class=\"theme-btn btn-one me-sm-4\" >\r\n                                                        contact us                                                     <\/a>\r\n                                                                                                \r\n                                                                                                    <a href=\"https:\/\/rrdevs.net\/demos\/wp\/busico\/contact\/\"   class=\"theme-btn btn-two\">\r\n                                                        our portfolio                                                    <\/a>\r\n                                                                                            <\/div>\r\n                                        <\/div>\r\n                                    <\/div>\r\n                                <\/div>\r\n                            <\/div>\r\n                     \t\t\t\t<\/div>\r\n\t\t    <\/section>\r\n    \t\t<\/div>\n\t\t\t\t<\/div>\n\t\t\t\t\t<\/div>\n\t\t<\/div>\n\t\t\t\t\t<\/div>\n\t\t<\/section>\n\t\t<div class=\"elementor-element elementor-element-f5b86db e-flex e-con-boxed rrdevs-custom-animation-no e-con e-parent\" data-id=\"f5b86db\" data-element_type=\"container\" data-settings=\"{&quot;animation_on&quot;:&quot;no&quot;}\" data-core-v316-plus=\"true\">\n\t\t\t\t\t<div class=\"e-con-inner\">\n\t\t\t\t\t<\/div>\n\t\t\t\t<\/div>\n\t\t<div class=\"elementor-element elementor-element-60573d7 e-flex e-con-boxed rrdevs-custom-animation-no e-con e-parent\" data-id=\"60573d7\" data-element_type=\"container\" data-settings=\"{&quot;animation_on&quot;:&quot;no&quot;}\" data-core-v316-plus=\"true\">\n\t\t\t\t\t<div class=\"e-con-inner\">\n\t\t\t\t<div class=\"elementor-element elementor-element-e37dceb RRdevs-addons-sticky-no elementor-widget elementor-widget-text-editor\" data-id=\"e37dceb\" data-element_type=\"widget\" data-settings=\"{&quot;rrdevs_sticky&quot;:&quot;no&quot;}\" data-widget_type=\"text-editor.default\">\n\t\t\t\t<div class=\"elementor-widget-container\">\n\t\t\t<style>\/*! elementor - v3.20.0 - 20-03-2024 *\/\n.elementor-widget-text-editor.elementor-drop-cap-view-stacked .elementor-drop-cap{background-color:#69727d;color:#fff}.elementor-widget-text-editor.elementor-drop-cap-view-framed .elementor-drop-cap{color:#69727d;border:3px solid;background-color:transparent}.elementor-widget-text-editor:not(.elementor-drop-cap-view-default) .elementor-drop-cap{margin-top:8px}.elementor-widget-text-editor:not(.elementor-drop-cap-view-default) .elementor-drop-cap-letter{width:1em;height:1em}.elementor-widget-text-editor .elementor-drop-cap{float:left;text-align:center;line-height:1;font-size:50px}.elementor-widget-text-editor .elementor-drop-cap-letter{display:inline-block}<\/style>\t\t\t\t<h5>Ob Sie Ihr Zuhause versch\u00f6nern m\u00f6chten oder einen gewerblichen Raum renovieren m\u00f6chten, bei uns sind Sie genau richtig. Wir bieten Ihnen eine umfassende Beratung und Planung, damit Ihr Vorhaben optimal umgesetzt werden kann.Unser erfahrenes Team arbeitet mit h\u00f6chster Pr\u00e4zision und Sorgfalt, um Ihnen ein perfektes Ergebnis zu liefern. Wir legen gro\u00dfen Wert auf Qualit\u00e4t und verwenden nur hochwertige Materialien, um Ihnen eine langlebige und ansprechende L\u00f6sung zu bieten.\u00a0<\/h5><p>Bietet diese Dienstleistungen an:<\/p><ul><li>Trockenbau<\/li><li>Holz und Bautenschutz<\/li><\/ul>\t\t\t\t\t\t<\/div>\n\t\t\t\t<\/div>\n\t\t\t\t\t<\/div>\n\t\t\t\t<\/div>\n\t\t<div class=\"elementor-element elementor-element-2682f62 e-flex e-con-boxed rrdevs-custom-animation-no e-con e-parent\" data-id=\"2682f62\" data-element_type=\"container\" data-settings=\"{&quot;animation_on&quot;:&quot;no&quot;}\" data-core-v316-plus=\"true\">\n\t\t\t\t\t<div class=\"e-con-inner\">\n\t\t<div class=\"elementor-element elementor-element-1266099 e-flex e-con-boxed rrdevs-custom-animation-no e-con e-child\" data-id=\"1266099\" data-element_type=\"container\" data-settings=\"{&quot;animation_on&quot;:&quot;no&quot;}\">\n\t\t\t\t\t<div class=\"e-con-inner\">\n\t\t\t\t\t<\/div>\n\t\t\t\t<\/div>\n\t\t\t\t\t<\/div>\n\t\t\t\t<\/div>\n\t\t<div class=\"elementor-element elementor-element-c137c48 e-flex e-con-boxed rrdevs-custom-animation-no e-con e-parent\" data-id=\"c137c48\" data-element_type=\"container\" data-settings=\"{&quot;animation_on&quot;:&quot;no&quot;}\" data-core-v316-plus=\"true\">\n\t\t\t\t\t<div class=\"e-con-inner\">\n\t\t\t\t<div class=\"elementor-element elementor-element-a1d16d9 elementor-arrows-position-inside elementor-pagination-position-outside RRdevs-addons-sticky-no elementor-widget elementor-widget-image-carousel\" data-id=\"a1d16d9\" data-element_type=\"widget\" data-settings=\"{&quot;slides_to_show&quot;:&quot;4&quot;,&quot;navigation&quot;:&quot;both&quot;,&quot;autoplay&quot;:&quot;yes&quot;,&quot;pause_on_hover&quot;:&quot;yes&quot;,&quot;pause_on_interaction&quot;:&quot;yes&quot;,&quot;autoplay_speed&quot;:5000,&quot;infinite&quot;:&quot;yes&quot;,&quot;speed&quot;:500,&quot;image_spacing_custom&quot;:{&quot;unit&quot;:&quot;px&quot;,&quot;size&quot;:20,&quot;sizes&quot;:[]},&quot;image_spacing_custom_tablet&quot;:{&quot;unit&quot;:&quot;px&quot;,&quot;size&quot;:&quot;&quot;,&quot;sizes&quot;:[]},&quot;image_spacing_custom_mobile&quot;:{&quot;unit&quot;:&quot;px&quot;,&quot;size&quot;:&quot;&quot;,&quot;sizes&quot;:[]},&quot;rrdevs_sticky&quot;:&quot;no&quot;}\" data-widget_type=\"image-carousel.default\">\n\t\t\t\t<div class=\"elementor-widget-container\">\n\t\t\t<style>\/*! elementor - v3.20.0 - 20-03-2024 *\/\n.elementor-widget-image-carousel .swiper,.elementor-widget-image-carousel .swiper-container{position:static}.elementor-widget-image-carousel .swiper-container .swiper-slide figure,.elementor-widget-image-carousel .swiper .swiper-slide figure{line-height:inherit}.elementor-widget-image-carousel .swiper-slide{text-align:center}.elementor-image-carousel-wrapper:not(.swiper-container-initialized):not(.swiper-initialized) .swiper-slide{max-width:calc(100% \/ var(--e-image-carousel-slides-to-show, 3))}<\/style>\t\t<div class=\"elementor-image-carousel-wrapper swiper\" dir=\"ltr\">\n\t\t\t<div class=\"elementor-image-carousel swiper-wrapper\" aria-live=\"off\">\n\t\t\t\t\t\t\t\t<div class=\"swiper-slide\" role=\"group\" aria-roledescription=\"slide\" aria-label=\"1 of 5\"><figure class=\"swiper-slide-inner\"><img decoding=\"async\" class=\"swiper-slide-image\" src=\"https:\/\/adn-innenausbau.net\/wp-content\/uploads\/2024\/01\/Untitled-design-9-1024x1024.png\" alt=\"Untitled design (9)\" \/><\/figure><\/div><div class=\"swiper-slide\" role=\"group\" aria-roledescription=\"slide\" aria-label=\"2 of 5\"><figure class=\"swiper-slide-inner\"><img decoding=\"async\" class=\"swiper-slide-image\" src=\"https:\/\/adn-innenausbau.net\/wp-content\/uploads\/2024\/01\/Untitled-design-8-1024x1024.png\" alt=\"Untitled design (8)\" \/><\/figure><\/div><div class=\"swiper-slide\" role=\"group\" aria-roledescription=\"slide\" aria-label=\"3 of 5\"><figure class=\"swiper-slide-inner\"><img decoding=\"async\" class=\"swiper-slide-image\" src=\"https:\/\/adn-innenausbau.net\/wp-content\/uploads\/2024\/01\/Untitled-design-7-1024x1024.png\" alt=\"Untitled design (7)\" \/><\/figure><\/div><div class=\"swiper-slide\" role=\"group\" aria-roledescription=\"slide\" aria-label=\"4 of 5\"><figure class=\"swiper-slide-inner\"><img decoding=\"async\" class=\"swiper-slide-image\" src=\"https:\/\/adn-innenausbau.net\/wp-content\/uploads\/2024\/01\/Untitled-design-5-1024x1024.png\" alt=\"Untitled design (5)\" \/><\/figure><\/div><div class=\"swiper-slide\" role=\"group\" aria-roledescription=\"slide\" aria-label=\"5 of 5\"><figure class=\"swiper-slide-inner\"><img decoding=\"async\" class=\"swiper-slide-image\" src=\"https:\/\/adn-innenausbau.net\/wp-content\/uploads\/2024\/01\/Untitled-design-4-1024x1024.png\" alt=\"Untitled design (4)\" \/><\/figure><\/div>\t\t\t<\/div>\n\t\t\t\t\t\t\t\t\t\t\t\t<div class=\"elementor-swiper-button elementor-swiper-button-prev\" role=\"button\" tabindex=\"0\">\n\t\t\t\t\t\t<svg aria-hidden=\"true\" class=\"e-font-icon-svg e-eicon-chevron-left\" viewBox=\"0 0 1000 1000\" xmlns=\"http:\/\/www.w3.org\/2000\/svg\"><path d=\"M646 125C629 125 613 133 604 142L308 442C296 454 292 471 292 487 292 504 296 521 308 533L604 854C617 867 629 875 646 875 663 875 679 871 692 858 704 846 713 829 713 812 713 796 708 779 692 767L438 487 692 225C700 217 708 204 708 187 708 171 704 154 692 142 675 129 663 125 646 125Z\"><\/path><\/svg>\t\t\t\t\t<\/div>\n\t\t\t\t\t<div class=\"elementor-swiper-button elementor-swiper-button-next\" role=\"button\" tabindex=\"0\">\n\t\t\t\t\t\t<svg aria-hidden=\"true\" class=\"e-font-icon-svg e-eicon-chevron-right\" viewBox=\"0 0 1000 1000\" xmlns=\"http:\/\/www.w3.org\/2000\/svg\"><path d=\"M696 533C708 521 713 504 713 487 713 471 708 454 696 446L400 146C388 133 375 125 354 125 338 125 325 129 313 142 300 154 292 171 292 187 292 204 296 221 308 233L563 492 304 771C292 783 288 800 288 817 288 833 296 850 308 863 321 871 338 875 354 875 371 875 388 867 400 854L696 533Z\"><\/path><\/svg>\t\t\t\t\t<\/div>\n\t\t\t\t\n\t\t\t\t\t\t\t\t\t<div class=\"swiper-pagination\"><\/div>\n\t\t\t\t\t\t\t\t\t<\/div>\n\t\t\t\t<\/div>\n\t\t\t\t<\/div>\n\t\t\t\t\t<\/div>\n\t\t\t\t<\/div>\n\t\t<div class=\"elementor-element elementor-element-d687a22 e-flex e-con-boxed rrdevs-custom-animation-no e-con e-parent\" data-id=\"d687a22\" data-element_type=\"container\" data-settings=\"{&quot;animation_on&quot;:&quot;no&quot;}\" data-core-v316-plus=\"true\">\n\t\t\t\t\t<div class=\"e-con-inner\">\n\t\t<div class=\"elementor-element elementor-element-2cec254 e-flex e-con-boxed rrdevs-custom-animation-no e-con e-child\" data-id=\"2cec254\" data-element_type=\"container\" data-settings=\"{&quot;animation_on&quot;:&quot;no&quot;}\">\n\t\t\t\t\t<div class=\"e-con-inner\">\n\t\t<div class=\"elementor-element elementor-element-a825e99 e-flex e-con-boxed rrdevs-custom-animation-no e-con e-child\" data-id=\"a825e99\" data-element_type=\"container\" data-settings=\"{&quot;animation_on&quot;:&quot;no&quot;}\">\n\t\t\t\t\t<div class=\"e-con-inner\">\n\t\t\t\t\t<\/div>\n\t\t\t\t<\/div>\n\t\t\t\t\t<\/div>\n\t\t\t\t<\/div>\n\t\t\t\t\t<\/div>\n\t\t\t\t<\/div>\n\t\t\t\t<section class=\"elementor-section elementor-top-section elementor-element elementor-element-05b7980 elementor-section-boxed elementor-section-height-default elementor-section-height-default rrdevs-custom-animation-no RRdevs-addons-sticky-no\" data-id=\"05b7980\" data-element_type=\"section\" data-settings=\"{&quot;background_background&quot;:&quot;classic&quot;,&quot;animation_on&quot;:&quot;no&quot;,&quot;rrdevs_sticky&quot;:&quot;no&quot;}\">\n\t\t\t\t\t\t<div class=\"elementor-container elementor-column-gap-default\">\n\t\t\t\t\t<div class=\"elementor-column elementor-col-50 elementor-top-column elementor-element elementor-element-97b5b54\" data-id=\"97b5b54\" data-element_type=\"column\">\n\t\t\t<div class=\"elementor-widget-wrap elementor-element-populated\">\n\t\t\t\t\t\t<div class=\"elementor-element elementor-element-511e418 elementor-position-left elementor-vertical-align-middle elementor-view-default elementor-mobile-position-top RRdevs-addons-sticky-no elementor-widget elementor-widget-icon-box\" data-id=\"511e418\" data-element_type=\"widget\" data-settings=\"{&quot;rrdevs_sticky&quot;:&quot;no&quot;}\" data-widget_type=\"icon-box.default\">\n\t\t\t\t<div class=\"elementor-widget-container\">\n\t\t\t<link rel=\"stylesheet\" href=\"https:\/\/adn-innenausbau.net\/wp-content\/plugins\/elementor\/assets\/css\/widget-icon-box.min.css\">\t\t<div class=\"elementor-icon-box-wrapper\">\n\t\t\t\t\t\t<div class=\"elementor-icon-box-icon\">\n\t\t\t\t<span  class=\"elementor-icon elementor-animation-\">\n\t\t\t\t<svg xmlns=\"http:\/\/www.w3.org\/2000\/svg\" id=\"email_1_\" data-name=\"email (1)\" width=\"100\" height=\"99.999\" viewBox=\"0 0 100 99.999\"><g id=\"Group_87\" data-name=\"Group 87\" transform=\"translate(0 12.701)\"><g id=\"Group_86\" data-name=\"Group 86\"><path id=\"Path_126\" data-name=\"Path 126\" d=\"M100,96.194a1.934,1.934,0,0,0-.666-1.469h0l-6.74-5.9a6.365,6.365,0,0,0,2.384-4.966V80.654A15.625,15.625,0,1,0,79.352,96.279a1.953,1.953,0,0,0,0-3.906A11.719,11.719,0,1,1,91.07,80.654v3.205a2.469,2.469,0,0,1-4.938,0V75.545a1.953,1.953,0,0,0-.611-1.419,8.985,8.985,0,1,0-1.476,14.187A6.355,6.355,0,0,0,88.43,90.23a1.946,1.946,0,0,0,.407.5l6.083,5.323L79.3,107.419v-5.092a1.953,1.953,0,1,0-3.906,0v7.934L60.81,120.869l-9.661-7.028a1.953,1.953,0,0,0-2.3,0l-9.661,7.028L5.164,96.115l11.114-9.726a1.953,1.953,0,1,0-2.573-2.939L.72,94.679l0,0A1.949,1.949,0,0,0,0,96.194v54.18a1.953,1.953,0,0,0,1.953,1.953H98.047A1.953,1.953,0,0,0,100,150.374V96.194ZM82.227,81.16v3.678a5.078,5.078,0,1,1,0-8.37ZM3.906,100.03,35.87,123.284,3.906,146.538Zm4.052,48.391L50,117.835l42.042,30.586Zm88.136-1.883L64.13,123.284,96.094,100.03Z\" transform=\"translate(0 -65.029)\" fill=\"#fff\"><\/path><\/g><\/g><g id=\"Group_89\" data-name=\"Group 89\" transform=\"translate(20.703)\"><g id=\"Group_88\" data-name=\"Group 88\"><path id=\"Path_127\" data-name=\"Path 127\" d=\"M151.185,13.134,136.576.478a1.952,1.952,0,0,0-2.552,0l0,0-7.031,6.055a1.953,1.953,0,0,0,2.549,2.96l5.753-4.954,9.428,8.168H107.953A1.953,1.953,0,0,0,106,14.656V42.775a1.953,1.953,0,0,0,3.906,0V16.609h40l-.018-.046h.017a1.953,1.953,0,0,0,1.28-3.429Z\" transform=\"translate(-106 -0.002)\" fill=\"#fff\"><\/path><\/g><\/g><g id=\"Group_91\" data-name=\"Group 91\" transform=\"translate(28.792 32.421)\"><g id=\"Group_90\" data-name=\"Group 90\"><path id=\"Path_128\" data-name=\"Path 128\" d=\"M168.9,166H149.37a1.953,1.953,0,1,0,0,3.906H168.9a1.953,1.953,0,1,0,0-3.906Z\" transform=\"translate(-147.417 -165.997)\" fill=\"#fff\"><\/path><\/g><\/g><g id=\"Group_93\" data-name=\"Group 93\" transform=\"translate(28.792 22.655)\"><g id=\"Group_92\" data-name=\"Group 92\"><path id=\"Path_129\" data-name=\"Path 129\" d=\"M168.625,116H149.37a1.953,1.953,0,0,0,0,3.906h19.255a1.953,1.953,0,0,0,0-3.906Z\" transform=\"translate(-147.417 -115.997)\" fill=\"#fff\"><\/path><\/g><\/g><g id=\"Group_95\" data-name=\"Group 95\" transform=\"translate(20.703 48.696)\"><g id=\"Group_94\" data-name=\"Group 94\"><path id=\"Path_130\" data-name=\"Path 130\" d=\"M109.334,249.9a1.952,1.952,0,1,0,.572,1.381A1.968,1.968,0,0,0,109.334,249.9Z\" transform=\"translate(-106 -249.327)\" fill=\"#fff\"><\/path><\/g><\/g><g id=\"Group_97\" data-name=\"Group 97\" transform=\"translate(57.422 42.048)\"><g id=\"Group_96\" data-name=\"Group 96\"><path id=\"Path_131\" data-name=\"Path 131\" d=\"M299.779,215.289h-3.826a1.953,1.953,0,0,0,0,3.906h3.826a1.953,1.953,0,0,0,0-3.906Z\" transform=\"translate(-294 -215.289)\" fill=\"#fff\"><\/path><\/g><\/g><g id=\"Group_99\" data-name=\"Group 99\" transform=\"translate(48.77 42.048)\"><g id=\"Group_98\" data-name=\"Group 98\"><path id=\"Path_132\" data-name=\"Path 132\" d=\"M251.676,215.289h-.021a1.953,1.953,0,1,0,0,3.906h.021a1.953,1.953,0,0,0,0-3.906Z\" transform=\"translate(-249.701 -215.289)\" fill=\"#fff\"><\/path><\/g><\/g><g id=\"Group_101\" data-name=\"Group 101\" transform=\"translate(28.783 42.048)\"><g id=\"Group_100\" data-name=\"Group 100\"><path id=\"Path_133\" data-name=\"Path 133\" d=\"M159.991,215.289H149.32a1.953,1.953,0,0,0,0,3.906h10.671a1.953,1.953,0,0,0,0-3.906Z\" transform=\"translate(-147.367 -215.289)\" fill=\"#fff\"><\/path><\/g><\/g><\/svg>\t\t\t\t<\/span>\n\t\t\t<\/div>\n\t\t\t\t\t\t<div class=\"elementor-icon-box-content\">\n\t\t\t\t<h3 class=\"elementor-icon-box-title\">\n\t\t\t\t\t<span  >\n\t\t\t\t\t\tSuchen Sie einen Qualit\u00e4tsarchitekten f\u00fcr Ihr Projekt?\t\t\t\t\t<\/span>\n\t\t\t\t<\/h3>\n\t\t\t\t\t\t\t<\/div>\n\t\t<\/div>\n\t\t\t\t<\/div>\n\t\t\t\t<\/div>\n\t\t\t\t\t<\/div>\n\t\t<\/div>\n\t\t\t\t<div class=\"elementor-column elementor-col-50 elementor-top-column elementor-element elementor-element-f88ae67\" data-id=\"f88ae67\" data-element_type=\"column\">\n\t\t\t<div class=\"elementor-widget-wrap elementor-element-populated\">\n\t\t\t\t\t\t<div class=\"elementor-element elementor-element-712cf23 elementor-align-center RRdevs-addons-sticky-no elementor-widget elementor-widget-button\" data-id=\"712cf23\" data-element_type=\"widget\" data-settings=\"{&quot;rrdevs_sticky&quot;:&quot;no&quot;}\" data-widget_type=\"button.default\">\n\t\t\t\t<div class=\"elementor-widget-container\">\n\t\t\t\t\t<div class=\"elementor-button-wrapper\">\n\t\t\t<a class=\"elementor-button elementor-button-link elementor-size-lg\" href=\"https:\/\/adn-innenausbau.net\/index.php\/contact\/\">\n\t\t\t\t\t\t<span class=\"elementor-button-content-wrapper\">\n\t\t\t\t\t\t<span class=\"elementor-button-text\">Anmeldung<\/span>\n\t\t<\/span>\n\t\t\t\t\t<\/a>\n\t\t<\/div>\n\t\t\t\t<\/div>\n\t\t\t\t<\/div>\n\t\t\t\t\t<\/div>\n\t\t<\/div>\n\t\t\t\t\t<\/div>\n\t\t<\/section>\n\t\t\t\t<\/div>\n\t\t","protected":false},"excerpt":{"rendered":"<p>Innenausbau, Sanierung und Renovierung aus einer Hand Ob Sie Ihr Zuhause versch\u00f6nern m\u00f6chten oder einen gewerblichen Raum renovieren m\u00f6chten, bei uns sind Sie genau richtig. Anmeldung we make Dream home Busico is a construction and architecture environmentally most responsible for any kinds of themes. contact us our portfolio Ob Sie Ihr Zuhause versch\u00f6nern m\u00f6chten oder [&hellip;]<\/p>\n","protected":false},"author":1,"featured_media":0,"parent":0,"menu_order":0,"comment_status":"closed","ping_status":"closed","template":"elementor_header_footer","meta":{"inline_featured_image":false,"footnotes":""},"class_list":["post-1398","page","type-page","status-publish","hentry"],"acf":[],"_links":{"self":[{"href":"https:\/\/adn-innenausbau.net\/index.php\/wp-json\/wp\/v2\/pages\/1398","targetHints":{"allow":["GET"]}}],"collection":[{"href":"https:\/\/adn-innenausbau.net\/index.php\/wp-json\/wp\/v2\/pages"}],"about":[{"href":"https:\/\/adn-innenausbau.net\/index.php\/wp-json\/wp\/v2\/types\/page"}],"author":[{"embeddable":true,"href":"https:\/\/adn-innenausbau.net\/index.php\/wp-json\/wp\/v2\/users\/1"}],"replies":[{"embeddable":true,"href":"https:\/\/adn-innenausbau.net\/index.php\/wp-json\/wp\/v2\/comments?post=1398"}],"version-history":[{"count":43,"href":"https:\/\/adn-innenausbau.net\/index.php\/wp-json\/wp\/v2\/pages\/1398\/revisions"}],"predecessor-version":[{"id":7260,"href":"https:\/\/adn-innenausbau.net\/index.php\/wp-json\/wp\/v2\/pages\/1398\/revisions\/7260"}],"wp:attachment":[{"href":"https:\/\/adn-innenausbau.net\/index.php\/wp-json\/wp\/v2\/media?parent=1398"}],"curies":[{"name":"wp","href":"https:\/\/api.w.org\/{rel}","templated":true}]}}